ate the highest common factor of 2065 and 35.
35
Calculate the greatest common factor of 110 and 1990.
10
Calculate the greatest common factor of 288 and 774.
18
What is the highest common divisor of 567 and 105?
21
Calculate the highest common divisor of 2832 and 30.
6
Calculate the highest common divisor of 70 and 434.
14
What is the highest common factor of 1841 and 21?
7
What is the greatest common factor of 20 and 65760?
20
Calculate the greatest common divisor of 21 and 21.
21
What is the greatest common factor of 177 and 11?
1
What is the greatest common divisor of 6 and 94?
2
What is the greatest common divisor of 944 and 16?
16
Calculate the highest common divisor of 117 and 9.
9
What is the highest common factor of 4104 and 1976?
152
What is the greatest common factor of 253 and 299?
23
What is the greatest common factor of 107 and 749?
107
What is the greatest common divisor of 693 and 396?
99
Calculate the greatest common divisor of 3542 and 154.
154
What is the greatest common divisor of 5840 and 876?
292
What is the highest common factor of 6 and 6?
6
Calculate the greatest common factor of 19 and 2071.
19
Calculate the highest common divisor of 493 and 29.
29
What is the highest common factor of 130 and 1742?
26
What is the highest common factor of 426 and 5822?
142
What is the highest common factor of 187 and 121?
11
Calculate the highest common factor of 8585 and 202.
101
What is the greatest common divisor of 147 and 105?
21
What is the greatest common divisor of 2130 and 750?
30
Calculate the highest common divisor of 682 and 3038.
62
What is the greatest common divisor of 245 and 1295?
35
Calculate the highest common factor of 350 and 10.
10
Calculate the highest common factor of 44 and 187.
11
What is the greatest common factor of 16 and 16504?
8
Calculate the greatest common divisor of 35 and 140.
35
Calculate the greatest common factor of 46 and 4531.
23
What is the highest common factor of 930 and 990?
30
What is the greatest common factor of 70 and 190?
10
Calculate the greatest common divisor of 518 and 296.
74
What is the highest common divisor of 475 and 50?
25
Calculate the greatest common factor of 49 and 392.
49
What is the greatest common divisor of 276 and 12?
12
What is the greatest common factor of 4550 and 20?
10
Calculate the highest common factor of 592 and 222.
74
What is the greatest common divisor of 1564 and 204?
68
Calculate the highest common divisor of 90 and 54.
18
What is the highest common divisor of 4445 and 35?
35
What is the highest common factor of 55503 and 63?
63
Calculate the greatest common divisor of 7614 and 27.
27
What is the greatest common factor of 16480 and 103?
103
What is the highest common factor of 232 and 80?
8
What is the greatest common divisor of 1598 and 68?
34
Calculate the highest common factor of 216 and 168.
24
What is the greatest common divisor of 64 and 112?
16
What is the greatest common factor of 68886 and 43?
43
What is the greatest common factor of 154 and 56?
14
Calculate the highest common factor of 1848 and 6.
6
What is the greatest common factor of 3 and 648?
3
Calculate the highest common divisor of 18 and 1647.
9
What is the highest common factor of 33 and 297?
33
What is the highest common factor of 1410 and 60?
30
What is the highest common factor of 9 and 6813?
9
Calculate the greatest common factor of 418 and 6346.
38
What is the highest common factor of 126 and 1071?
63
What is the highest common factor of 77 and 8701?
77
Calculate the greatest common factor of 391 and 34.
17
What is the greatest common divisor of 117 and 364?
13
What is the greatest common factor of 112 and 32?
16
What is the highest common factor of 32 and 8?
8
Calculate the greatest common divisor of 195 and 429.
39
Calculate the greatest common divisor of 8851 and 265.
53
Calculate the greatest common factor of 80 and 80.
80
What is the greatest common divisor of 98 and 2450?
98
What is the highest common factor of 527 and 155?
31
What is the greatest common factor of 994 and 14?
14
What is the highest common divisor of 408 and 663?
51
Calculate the greatest common divisor of 7904 and 48.
16
What is the highest common divisor of 11 and 3828?
11
What is the greatest common factor of 26 and 27274?
26
Calculate the highest common divisor of 671 and 61.
61
What is the greatest common factor of 424 and 689?
53
Calculate the greatest common divisor of 40 and 15.
5
Calculate the highest common divisor of 11 and 5401.
11
Calculate the greatest common factor of 114 and 21584.
38
Calculate the highest common divisor of 54 and 7416.
18
What is the greatest common factor of 1250 and 3250?
250
What is the highest common factor of 216 and 72?
72
Calculate the highest common divisor of 40 and 500.
20
Calculate the greatest common factor of 30 and 45.
15
Calculate the highest common divisor of 23587 and 458.
229
Calculate the greatest common divisor of 7 and 1.
1
What is the greatest common divisor of 880 and 22?
22
Calculate the highest common divisor of 64 and 17440.
32
What is the greatest common divisor of 16 and 1944?
8
What is the highest common divisor of 24 and 16908?
12
What is the highest common factor of 735 and 45?
15
Calculate the greatest common factor of 1141 and 652.
163
Calculate the greatest common factor of 13114 and 158.
158
Calculate the greatest common factor of 166 and 29133.
83
Calculate the greatest common divisor of 304 and 722.
38
Calculate the greatest common divisor of 253 and 22.
11
What is the greatest common divisor of 13146 and 42?
42
What is the greatest common divisor of 808 and 16?
8
Calculate the greatest common divisor of 14 and 126.
14
What is the highest common divisor of 3154 and 76?
38
Calculate the greatest common factor of 2120 and 8056.
424
Calculate the highest common divisor of 1771 and 22.
11
Calculate the highest common divisor of 1034 and 22.
22
Calculate the highest common divisor of 64 and 64.
64
What is the highest common factor of 34 and 1989?
17
What is the highest common divisor of 18577 and 13?
13
Calculate the highest common factor of 644 and 920.
92
What is the greatest common factor of 357 and 1547?
119
Calculate the highest common divisor of 500 and 625.
125
Calculate the greatest common divisor of 21 and 36939.
21
Calculate the highest common factor of 84 and 763.
7
What is the highest common factor of 418 and 198?
22
Calculate the greatest common divisor of 240 and 8.
8
What is the greatest common factor of 2154 and 6?
6
What is the highest common divisor of 16 and 484?
4
What is the highest common factor of 18 and 16623?
9
Calculate the greatest common divisor of 15744 and 2304.
384
What is the greatest common divisor of 1575 and 4590?
45
Calculate the greatest common divisor of 23 and 10.
1
Calculate the highest common factor of 114 and 171.
57
What is the greatest common factor of 9898 and 98?
98
What is the highest common factor of 50 and 250?
50
Calculate the greatest common divisor of 7 and 343.
7
What is the highest common divisor of 75 and 63975?
75
What is the highest common divisor of 580 and 20?
20
Calculate the greatest common divisor of 177 and 413.
59
Calculate the greatest common divisor of 39 and 442.
13
What is the highest common factor of 30 and 10?
10
What is the highest common divisor of 21 and 189?
21
What is the greatest common factor of 297 and 176?
11
What is the highest common divisor of 99 and 45?
9
What is the greatest common factor of 96 and 216?
24
What is the greatest common divisor of 56 and 8?
8
Calculate the greatest common divisor of 300 and 60.
60
Calculate the highest common factor of 629 and 51.
17
What is the highest common divisor of 2100 and 165?
15
Calculate the highest common factor of 4 and 1004.
4
What is the highest common factor of 1562 and 568?
142
What is the greatest common factor of 10 and 485?
5
What is the greatest common divisor of 533 and 208?
13
What is the highest common divisor of 26 and 2834?
26
What is the highest common factor of 135 and 5805?
135
Calculate the greatest common divisor of 1200 and 450.
150
What is the highest common divisor of 235 and 11468?
47
Calculate the greatest common divisor of 52 and 130.
26
Calculate the greatest common factor of 5525 and 275.
25